 be the third derivative of -47*a**4/24 + a**3/3 + a**2. Let f be i(-2). What is the greatest common divisor of f and c?
12
Suppose 4*b - 5*f - 33 = -0*f, -f = 5. Let t be (-336)/70*(-15)/b. Suppose 5*m - 10*m = -120. Calculate the greatest common divisor of t and m.
12
Suppose 3*l + 20 - 23 = 0. Let b be (0 + -2 + l)*0. Suppose 5*n - 2*p - p - 347 = b, -n + p = -69. What is the greatest common factor of n and 20?
10
Let w(a) = 20*a**2 + 16*a - 52. Let k be w(8). Calculate the greatest common factor of 36 and k.
12
Let y be -4*11/22*-1235. Calculate the greatest common factor of y and 65.
65
Suppose -2*c + 6*s - 2*s = -52, 0 = c + 4*s - 26. Let n be (-91*(-1)/((-56)/48))/(-2). Calculate the greatest common divisor of n and c.
13
Suppose 900 = 9*y + 38*y - 17*y. Let d(i) = i. Let z(c) = 3*c - 12. Let b(q) = 4*d(q) - z(q). Let l be b(0). Calculate the highest common factor of l and y.
6
Let l(g) = 4*g**2 + 47*g - 451. Let c be l(18). What is the greatest common factor of c and 356?
89
Let q be -4 - -39 - (0 - 1). Let m(n) = -n**3 + n**2 - n + 104. Let s be m(0). Let g be -4*(s/(-18) - 8/q). What is the highest common divisor of g and 192?
24
Let i(p) = -262*p + 39. Let u be i(-5). Let n = u - 957. What is the highest common factor of 49 and n?
49
Suppose -2*o + 11 - 9 = 0. Let j be (-3 - 0) + (o - -15). Calculate the greatest common factor of j and 221.
13
Let y(s) = -s**3 + 6*s**2 + 29*s - 4. Let r be y(9). Let o = 206 - 164. What is the greatest common factor of r and o?
14
Let c be (32/(-80) - (-9)/(-15)) + 1068. Calculate the greatest common factor of c and 11.
11
Let s = 15 + -7. Let h(o) = -o**3 + 8*o**2 + 3*o - 18. Let j be h(s). What is the highest common divisor of j and 24?
6
Let s(b) = -6*b - 29. Let o be s(-5). Let c be (-2)/(o/2*2/(-51)). Calculate the greatest common divisor of c and 34.
34
Suppose -2*l - 101 = -3*l. Let s = l + -2. Let b be 2055/114 + (-11)/418. Calculate the greatest common factor of s and b.
9
Suppose -3 - 29 = -4*a. Let s(x) = x**3 + 12*x**2 + 10*x + 5. Let o be s(-11). Suppose 7*p - a*p = -o. What is the highest common divisor of p and 4?
4
Let g = -2834 - -3364. What is the greatest common factor of g and 10?
10
Let n(y) = 4*y**2 - 149*y + 797. Let z be n(5). Calculate the greatest common factor of 18620 and z.
76
Let q(i) = i**3 + 15*i**2 - 9*i - 291. Let p be q(-13). What is the highest common divisor of p and 9676?
164
Let m(o) be the second derivative of 0 + o**3 - 1/20*o**5 - o + 245/2*o**2 + 0*o**4. Let n be m(0). Calculate the greatest common factor of n and 35.
35
Suppose -24*k = -34045 - 18779. Calculate the highest common divisor of k and 155.
31
Let s be (2/(20/42))/(8/240). What is the greatest common factor of 448 and s?
14
Let y(u) = u**2 - 12*u - 54. Let l(q) = -2*q**3 - 18*q**2 + q. Let z be l(-9). Let c = 7 - z. Let t be y(c). What is the greatest common divisor of t and 50?
10
Let g = 16498 - 16219. What is the greatest common factor of 873 and g?
9
Suppose -12627 = -64*k - 58*k + 9089. Calculate the highest common factor of k and 2759.
89
Let c be (-2 - (-84)/30)/(2443/(-490) + 5). Calculate the greatest common divisor of 140 and c.
28
Suppose 3*v - 4*c = 130, -461*v + 466*v - 182 = -2*c. Suppose -3*w + 19 = u, 2*u - w = -u + 7. Calculate the greatest common divisor of v and u.
2
Let x be (56/(-10))/(1/(-5)). Suppose -52*b + 1309 + 3058 + 729 = 0. Calculate the highest common factor of b and x.
14
Let p = 8355 + -4473. Calculate the highest common divisor of 6 and p.
6
Let w(h) = -389*h - 1542. Let v be w(-4). Suppose -3*z + 5*y + 159 = -26, -190 = -3*z + 4*y. Calculate the highest common divisor of z and v.
14
Let g be ((-248)/(-186))/(0 + 4/9102). Calculate the highest common divisor of g and 82.
82
Suppose 11*m = 16*m - 100. Suppose o + 15 = -2*o, -3*f + m = -o. Suppose f*g - 1240 = i, 454 + 42 = 2*g - 4*i. Calculate the greatest common factor of g and 31.
31
Suppose 2*c = 7 - 17. Let t be (-56)/14*(c/2 - -2). Suppose -t*w - 3 = -5*d, 5*d + 2 = 4*w + 3. What is the highest common factor of d and 11?
1
Suppose 3*u - 268 = -82. Let s(f) = -5*f - 590. Let c be s(0). Let g = 621 + c. Calculate the greatest common divisor of g and u.
31
Suppose 5*n - 3*n + 2*f = 9176, -27496 = -6*n + 2*f. Calculate the highest common factor of 24 and n.
24
Suppose 0 = -3*y + g + 505, 0 = -y - 78*g + 80*g + 170. Calculate the greatest common factor of 108 and y.
12
Suppose 2*g - u = 4604, 0 = -229*g + 224*g + 2*u + 11511. Calculate the greatest common factor of 147 and g.
49
Let o(q) = -101 - 108 - 2*q + 238. Let c be o(-7). Suppose -3*d = 15, -3*d + 371 = s - 87. Calculate the greatest common factor of c and s.
43
Suppose 21 = 10*p + 1. Suppose 0 = -2*z + p + 10. Calculate the highest common factor of 2 and z.
2
Let q be 4/46 + (16/(-72) - 784558/(-207)). Calculate the highest common divisor of 20 and q.
10
Let b = 17 - 7. Suppose 4496 = b*w + 1196. Calculate the greatest common factor of 132 and w.
66
Let u be 34 + 707 + (-5)/2*2. What is the greatest common factor of u and 1088?
32
Let z(j) be the first derivative of 59*j**4/4 - j**3/3 + j**2 + 4*j + 4. Let r be z(2). What is the greatest common factor of r and 28?
28
Suppose 3*u - j = 376, 5*j - 620 = -5*u - 0*j. Suppose -u*x + 1540 = -120*x. Calculate the highest common divisor of x and 11.
11
Let l = -28118 + 28284. What is the greatest common factor of 35524 and l?
166
Let j = -77 + 43. Let w = j - -43. Suppose 15 = 2*k - w. Calculate the highest common divisor of 12 and k.
12
Let w be 86 + (8 + 2 - 12). Calculate the greatest common factor of 2394 and w.
42
Let x be (30 - (-4704)/(-156)) + (38232/(-26))/(-3). What is the highest common factor of 2254 and x?
98
Let n be (-30)/(-10) + -4 + 46. Suppose -1125 = -3*m - 2*m. What is the highest common factor of n and m?
45
Let a(u) = -14*u + 3040. Let v be a(-15). Calculate the greatest common divisor of v and 30.
10
Let g be 40*3*(8 + 680/(-96)). What is the highest common factor of 640 and g?
10
Let y(j) = j - 5. Let p be y(6). Let z(m) = -689*m - 22037. Let s be z(-32). Calculate the highest common factor of s and p.
1
Let x be ((-33)/6 + 6)*-14. Let t(y) = -y**2 - 8*y - 4. Let g be t(x). Let c be (-1)/(1/4)*-3. What is the greatest common divisor of g and c?
3
Let l(i) = 2*i**2 - 14*i - 11. Let g be l(7). Let w = g + 14. Let u = -17 - -26. Calculate the highest common factor of w and u.
3
Let n be (-4)/((-16)/4) - 7. Let s = 51 + -36. Let r be (-56)/n*s/10. What is the greatest common factor of r and 56?
14
Let u = -9 + 24. Suppose -5*l - 15 = q, 3*q - 4*l - u = l. Suppose q*y + 2*y = 28. What is the greatest common factor of y and 2?
2
Let z be 64/(10 - (-832)/(-96)). Let t(x) = 10*x**2 - x - 2. Let d be t(2). What is the greatest common factor of d and z?
12
Suppose -115847 - 132673 - 308106 = -58*u. What is the highest common divisor of 21 and u?
21
Let y be (-342)/(-27) - -3*(-1)/(-9). What is the highest common divisor of y and 1391?
13
Suppose 97*j - 4051 = 2448. What is the highest common divisor of j and 469?
67
Let a = -24113 - -25814. What is the greatest common divisor of a and 630?
63
Let q = 12 + -10. Let w be (-3 - -18) + q*2/1. Suppose -3*n = -m + 171, 3*n = -m + n + 171. Calculate the greatest common factor of m and w.
19
Let i = 95 - 179. Let b = -12 - i. What is the highest common factor of 126 and b?
18
Suppose 59*n - 54*n = 295. Let z = n - 63. Let b be (4/(-6))/((z/39)/2). Calculate the highest common factor of 26 and b.
13
Suppose 0 = 16*z - 86 - 218. Suppose 2*m - 45 = -t, -3*m + 4*t + t + 74 = 0. Let p be m - -3*8/(-6). What is the highest common factor of z and p?
19
Let t = 4413 - 4342. Calculate the greatest common divisor of 8023 and t.
71
Let t be (14 + 1)*((-145)/15 + 10). Suppose c + 4*c = 3*p - 160, t*c + 280 = 5*p. What is the highest common divisor of p and 15?
15
Let p be (-4)/6*171/(-38). Suppose 4*d - 300 = -8*g + p*g, -d = -g + 51. What is the greatest common divisor of 7 and g?
7
Suppose 70*x - 73*x - 4*c + 2017 = 0, x = 4*c + 683. What is the highest common factor of 189 and x?
27
Let d(p) = -1696*p - 902. Let s be d(-2). What is the greatest common factor of 40 and s?
10
Let b(m) = m**3 + 6*m**2 + 7*m - 3. Let f be b(-3). Suppose f*q - 7*q = 4*y - 176, -36 = 